- 6 = 0. Let b(t) = -11*t. What is b(i)?
11
Let z(i) = -2*i**2 - i. Suppose 2*k + 23 = -3. Suppose -186 = 6*p - 114. Let n = k - p. What is z(n)?
-1
Let f = 569 - 568. Let u(w) = -8*w**3 - w + 1. Give u(f).
-8
Let p(x) = x**2 + 5*x + 5. Let i be (-55 - -57) + 6/(-1). Determine p(i).
1
Let y be 80/40 - (3*-6 - -1). Let d be (-2)/(-4)*(-2 + 7 - y). Let h(n) = 6*n + 3 - 5*n + n. Determine h(d).
-11
Suppose -63*b + 2*b = 488. Let t(g) = 2 - 6*g - 15*g**2 + 6*g**2 - 3*g - g**3. Calculate t(b).
10
Let l(a) = 3*a + 13. Let c be -18*((-87)/27 + -1 + 4). Give l(c).
25
Let h(b) = 2*b**2 - 27*b - 9. Suppose 5*t + j = 72, -3*j - 65 = -4*t - 15. Let w be h(t). Let k(y) = y**3 - 4*y**2 - 4*y. What is k(w)?
5
Suppose a = 4*c + 53, a - 2*c = -4*c + 35. Suppose 4 + a = 9*y. Let g(i) be the second derivative of i**5/20 - i**4/3 - 5*i**3/6 - 3*i**2/2 + i. Give g(y).
-3
Let h(y) = 4 + y - 4*y - 2*y. Suppose 155 = -19*k + 50*k. What is h(k)?
-21
Let y(q) = q. Suppose -6 - 4 = -5*u. Let s be 18/15*(-5)/u. What is y(s)?
-3
Let g(r) = -16*r + 2 - 20*r + 42*r + 2 + r**2. Let b(f) = f**2 + 3*f - 4. Let h be b(-5). Suppose 2*p - h*p = 12. Give g(p).
-5
Let y(h) be the second derivative of -h**3 - h**2/2 - 212*h. What is y(1)?
-7
Let a(u) = u**2 - 5*u - 5. Let d(f) = f**2 + 12*f + 21. Let g be d(-10). Suppose 6 - g = p. What is a(p)?
-5
Suppose -c + 2 = -4*o + 1, 2*c = -5*o + 2. Suppose 4 = 2*f - o. Let x(i) = -i**2 + 2*i - 2. Calculate x(f).
-2
Let d be (-1)/(3/(-9))*-1. Let h be 21/9 - (-4)/d. Let m(g) = 5*g. Let b(w) = w. Let f(z) = 11*b(z) - 2*m(z). Give f(h).
1
Suppose -2*c - c + 12 = 0. Suppose c*g - 24 = -84. Let n = 9 + g. Let i(d) = d + 7. Determine i(n).
1
Let m(x) = -2*x - 1. Let d(n) = -2*n - 4. Let k(u) = d(u) + 2*m(u). Give k(-3).
12
Let t be (0 - 2) + (2 - 1). Let u(z) be the first derivative of -z - z**2 - 3 - 2/3*z**3 - 3/4*z**4. Give u(t).
2
Let r be -3*(-4)/36*-3. Let h be 16 + r + -2 + -2. Let d(s) = 5*s**2 + 5*s**2 + 3 - h*s**2 + s. What is d(0)?
3
Let c(w) = w**2 + 2*w + 3. Let t be 38/(-76)*(6 - 2). Calculate c(t).
3
Let i(o) = o**2 - 12*o - 3. Let b be i(8). Let m = b - -40. Let k(y) = y - 11. Calculate k(m).
-6
Let j = 72 - 30. Suppose 14 = 5*h - 2*q + j, -3*h - 5*q + 8 = 0. Let p(t) be the second derivative of -t**4/12 - t**3/6 + 5*t**2/2 - t. Calculate p(h).
-7
Let m(q) = -2*q. Suppose 0*d + 24 = -4*d. Let s be d/(-4)*80/60. Give m(s).
-4
Let b be 14/8 - 1/(-4). Let y(h) = b - 2 - 5 + 0*h + h. Let g be 4*(-1)/(-2) - -2. What is y(g)?
-1
Suppose -t = 3*p, 3*p + 16 = 4*t - p. Suppose -3 = -4*m - t. Let j(i) = i**2 - i + 5. Calculate j(m).
5
Let l(d) = 3*d - 7. Let c(z) = -4*z + 117. Let k be c(28). Determine l(k).
8
Let i(c) = 11*c**3 + c. Let x(b) = -53*b - 4. Let f be x(-2). Let r be (-21)/(-49) - f/(-7). Let o be (1 + -4)*5/r. Calculate i(o).
-12
Let m(h) = -540*h + 268*h + h**2 + 263*h + 0*h**2 - 2 - 7. Calculate m(11).
13
Let h(l) = l**3 + l**2 + l. Suppose 0 = -z + 2*b - 4*b - 15, -5*z = -b + 20. Let f(c) = -2*c**2 - 6*c - 3. Let j be f(z). Let o = j - -23. What is h(o)?
0
Let b(k) = -k**2 + 6*k - 6. Let m be b(4). Let a(j) = 7*j**2 - m*j - 14 + 24 - 5*j. Let w(c) = 4*c**2 - 4*c + 5. Let l(i) = 3*a(i) - 5*w(i). What is l(0)?
5
Let b = 201 - 206. Suppose -4*n + 8*n - 24 = 0. Let h(u) = -1 - n*u**2 - 4*u + u**3 - 2*u**3 - 4. What is h(b)?
-10
Suppose 3*y + 71*w + 10 = 75*w, 0 = -y + 5*w + 15. Let g(h) = -h**2 - 13*h - 23. Calculate g(y).
7
Let l(r) = 66 + 2*r + 41 - 83. What is l(-10)?
4
Let x(m) = 924*m - 463*m + 4 - 464*m. Give x(-7).
25
Let u(c) = -7*c - 23. Let d(o) = -8*o - 29. Let r(l) = -3*d(l) + 4*u(l). What is r(-5)?
15
Let k(c) = -c**2 - 14*c + 4. Suppose 0 = 3*o + 4*p + 62, -5*o = -0*o - 5*p + 45. Calculate k(o).
4
Let f(u) = 42*u**3 + 11*u**2 + 13*u - 13. Let s(k) = -23*k**3 - 6*k**2 - 7*k + 7. Let x(n) = 6*f(n) + 11*s(n). What is x(1)?
-1
Let z(p) = 14*p + 5. Let t(x) = -x - 1. Let y(o) = 5*t(o) + z(o). Let k(m) = 2*m - 13. Let h be k(-8). Let j = h - -30. Calculate y(j).
9
Let x(g) = 3*g**3 - g**2 - 10*g + 1. Let r(b) = 5*b**3 - 3*b**2 - 18*b + 3. Let y(q) = 4*r(q) - 7*x(q). Determine y(-5).
15
Let b(o) = 3*o - 3. Let i(z) = 2*z**2 - 15*z - 12. Let f be ((-6)/18)/((-1)/24). Let u be i(f). Give b(u).
-15
Let v(k) = k**3 + 7*k**2 - 9*k - 10. Let x = -101 - -109. Suppose 5*i = x*i + 24. What is v(i)?
-2
Let c(h) = h**3 - 10*h**2 + 10*h - 7. Suppose -13*u + 0 = -117. What is c(u)?
2
Let f be 1*(-1 - (6/(-3))/2). Let h(p) = -4*p + 2*p + 2 + f - 4. Give h(2).
-6
Let w(q) = -2*q**2 - 94 + q**3 + 52 - 4*q + 39. Give w(-2).
-11
Let x be (-2 + -3)*12/(-15). Let y(d) = 43*d - 15*d - 16*d + d**2 + 2 - 18*d. Determine y(x).
-6
Let o(b) = -5*b + 15. Let l(t) = 5*t - 14. Let x(s) = 3*l(s) + 4*o(s). Give x(3).
3
Let y(i) = 10 + 138*i**2 + 4*i + 132*i**2 - 271*i**2. Calculate y(6).
-2
Let a = 145 - 141. Let x(g) = -2*g**2 + 5*g. What is x(a)?
-12
Let i(y) = y. Let h(k) = -k**3 + 8*k**2 - 6*k - 2. Let a be h(7). Suppose -a*q + 8 = -q. Let g(w) = w**3 - 2*w**2 - 3*w + 3. Let x be g(q). Give i(x).
-3
Suppose d = -2*d + 3. Let g(h) = -4 - 2 + h + 6*h**2 + d + 4. What is g(1)?
6
Let y(k) = -k + 53. Let o be y(48). Let f(h) = 5*h - 9. What is f(o)?
16
Let i(p) be the first derivative of -p**2/2 - 7*p - 95. Determine i(-7).
0
Suppose 4*t + 1 = 9. Suppose t*w + w + 21 = 0. Let n(c) = -c**2 - 7*c + 2. Calculate n(w).
2
Let d(r) be the second derivative of -r**7/2520 - r**6/180 + r**5/40 + 2*r**4/3 - 17*r. Let u(h) be the third derivative of d(h). Calculate u(-6).
-9
Let u(l) = -22 - 3*l + 9 + 28. Let w be u(7). Let z(d) be the second derivative of d**5/20 + 7*d**4/12 + 7*d**3/6 + 9*d**2/2 - d. Calculate z(w).
3
Let z(w) = -13*w + 10. Let x be z(0). Let n(v) = -v**3 + 11*v**2 - 9*v - 7. What is n(x)?
3
Let y(q) = -q**2 + q + 2. Let d be (1/(-3))/((-1)/6). Let c be 3 + -6 + d - 1*-3. Calculate y(c).
0
Let t(g) = 3*g**2 + 7*g - 1. Let p be t(-2). Let m(i) = -9*i - 1. Give m(p).
26
Let i(v) = -11 + 28 + v - 12. Let d be i(-8). Let c(k) = -5*k - 2. Determine c(d).
13
Let s(r) = r**2 - 3*r - 2. Let w be s(5). Suppose -n = w - 14. Let q(x) = x**2 - 4*x - 3. What is q(n)?
9
Let r(l) = l**3 + l**2 - 2. Let p(a) = -26*a + 132. Let v be p(5). What is r(v)?
10
Suppose -9 = 4*j - 17. Let i(u) = -u**2 + 3 - 15*u**3 - 2*u + 16*u**3 - 4*u**j. Suppose 15 = 5*b - 10. What is i(b)?
-7
Let u(r) = r - 6. Let t be 3 - 1 - (-34 + 5). Suppose 0 = -4*j + t + 1. Determine u(j).
2
Let u(l) = l**2 - 6*l + 3. Suppose -2 = 3*k + 4*v, 5*k + 6*v = 2*v + 10. What is u(k)?
3
Let w(x) be the second derivative of -13*x - 5/2*x**2 + 0 - 1/3*x**3. Calculate w(-5).
5
Let a(j) = j**3 - 7*j**2 + 7*j - 1. Let g be (160/128)/((-5)/(-24)). What is a(g)?
5
Let f(j) = -j**2 - j - 14. Let c be 18/2 + -9 + -9. Let l(g) be the third derivative of -g**4/12 - 3*g**3 - g**2. Let r be l(c). Give f(r).
-14
Let l(i) be the third derivative of 5*i**4/24 + 4*i**3/3 + 700*i**2. Give l(4).
28
Let s(h) = 3*h**3 + h**2 - 4*h + 1. Let g(x) = 7*x**3 + 2*x**2 - 9*x + 3. Let o(j) = -2*g(j) + 5*s(j). Suppose 0 = 24*d + 53*d + 231. Calculate o(d).
-13
Let p(a) = 2*a**3 + a**2 + a + 1. Let j be 1 - (0/(-5))/1. Suppose 4*y = j - 5. Determine p(y).
-1
Suppose 0 = 4*h - 10 + 6. Let o(x) = -x**3. Let b(s) = 3*s**3 + 6*s**2 + s + 3. Let w(f) = h*b(f) + 2*o(f). Calculate w(-6).
-3
Let w(r) be the second derivative of r**4/12 + 7*r**3/6 - 2*r**2 + 3*r + 28. Give w(-9).
14
Let m(c) = c**2 + 19*c + 11. Let b = -2564 - -2546. What is m(b)?
-7
Let p be -1*(-7)/(-21)*3. Let f(o) = o**2. Let t(g) = -8*g**2 + g + 1. Suppose 0 = 4*w + 31 - 7. Let a(q) = w*f(q) - t(q). Calculate a(p).
2
Let d(r) = 31*r + r**2 - 14*r - 10*r - 1. Let y be ((-1 - -2)*-1)/((-3)/(-21)). Give d(y).
-1
Let u(z) = -40*z**2 + 45*z + 18. Let o(d) = -22*d**2 + 22*d + 9. Let w(r) = -11*o(r) + 6*u(r). What is w(-14)?
9
Let h(d) = -3*d**3 + 10*d**2 + 2*d - 9. Let y(i) = -4*i**3 + 11*i**2 + 2*i - 10. Let o(c) = 3*h(c) - 2*y(c). Calculate o(8).
9
Let s(k) be the third derivative of -k**4/24 + 4*k**2. Let j(w) = -w**2 - 15*w - 13. Let n(u) = -j(u) + 3*s(u). Calculate n(-11).
2
Let z(m) = 2*m**2 + 6*m + 9. Let i(f) be the first derivative of 2*f**3 + 9*f**2 + 26*f + 5. Let x(p) = -6*i(p) + 17*z(p). What is x(-4)?
-11
Let z(r) = -5*r**3 + 3*r**2 + 5*r - 2. Let l(x) =